{"id":169825,"date":"2022-10-31T18:00:00","date_gmt":"2022-10-31T15:00:00","guid":{"rendered":"https:\/\/gelenekselsanatlar.org\/gumus_lale\/1\/"},"modified":"2022-10-31T18:00:00","modified_gmt":"2022-10-31T15:00:00","slug":"1","status":"publish","type":"gumus_lale","link":"https:\/\/gelenekselsanatlar.org\/ar\/gumus_lale\/1\/","title":{"rendered":"\u062c\u0627\u0626\u0632\u0629 \u062a\u0648\u0644\u064a\u0628 \u0627\u0644\u0641\u0636\u064a\u0629 \u0627\u0644\u062b\u0627\u0645\u0646\u0629 \u0627\u0644\u0628\u0631\u0648\u0641\u064a\u0633\u0648\u0631 \u0627\u0644\u062f\u0643\u062a\u0648\u0631 \u0632\u064a\u0631\u064a\u0646 \u062a\u0627\u0646\u062f\u064a"},"content":{"rendered":"<p style=\"font-weight: 400;\"><strong>Hayatlar\u0131n\u0131 geleneksel sanatlara adam\u0131\u015f, bu sanatlar\u0131n ya\u015fat\u0131lmas\u0131, geli\u015ftirilmesi ve tan\u0131t\u0131lmas\u0131na katk\u0131da bulunmu\u015f \u015fahsiyetlere takdim etti\u011fi G&uuml;m&uuml;\u015f Lale &Ouml;d&uuml;l&uuml;&rsquo;n&uuml;n sahibi,<\/strong><\/p>\n<p style=\"font-weight: 400;\"><strong>Sanat Tarih&ccedil;isi Prof. Dr. Zeren Tan\u0131nd\u0131 oldu.<\/strong><\/p>\n<p style=\"font-weight: 400;\">&nbsp;<\/p>\n<p style=\"font-weight: 400;\">Geleneksel sanatlar alan\u0131nda verilen ilk &ouml;d&uuml;l olan <strong>G&uuml;m&uuml;\u015f Lale<\/strong>, hayatlar\u0131n\u0131 geleneksel sanatlara vakfetmi\u015f alan\u0131n duayenlerine GSD taraf\u0131ndan 2006 y\u0131l\u0131ndan bu yana verilmektedir. Daha &ouml;nce Hikmet Barut&ccedil;ugil, Hasan &Ccedil;elebi, Cahide Keskiner, Nurhan Atasoy, \u0130slam Se&ccedil;en, &Uuml;lker Erke ve Filiz &Ccedil;a\u011fman&rsquo;a takdim edilen G&uuml;m&uuml;\u015f Lale &Ouml;d&uuml;l&uuml;&rsquo;n&uuml;n sekizincisi, bu y\u0131l Prof. Dr. Zeren Tan\u0131nd\u0131&rsquo;ya sunuldu.<\/p>\n<p style=\"font-weight: 400;\">&nbsp;<\/p>\n<p style=\"font-weight: 400;\"><em>Zeren Tan\u0131nd\u0131 Arma\u011fan\u0131: \u0130slam D&uuml;nyas\u0131nda Kitap Sanatlar\u0131 ve K&uuml;lt&uuml;r&uuml;<\/em> kitab\u0131n\u0131n tan\u0131t\u0131m toplant\u0131s\u0131 ve 8. G&uuml;m&uuml;\u015f Lale &Ouml;d&uuml;l T&ouml;reni, 29 Ekim 2022 Cumartesi g&uuml;n&uuml; saat 14.30&rsquo;da Sepet&ccedil;iler Kasr\u0131&rsquo;nda ger&ccedil;ekle\u015ftirildi.<\/p>\n<p style=\"font-weight: 400;\">&nbsp;<\/p>\n<p style=\"font-weight: 400;\"><strong>&nbsp;<\/strong><\/p>\n<p style=\"font-weight: 400;\"><strong>Prof. Dr. Zeren Tan\u0131nd\u0131 Kimdir?<\/strong> \u0130stanbul &Uuml;niversitesi Sanat Tarihi B&ouml;l&uuml;m&uuml;nden lisans ve doktora derecelerini alan Prof. Dr. Tan\u0131nd\u0131, 1984 y\u0131l\u0131na kadar Topkap\u0131 Saray\u0131 M&uuml;zesi K&uuml;t&uuml;phanesinde g&ouml;rev yapm\u0131\u015f; Bursa K&uuml;lt&uuml;r M&uuml;d&uuml;rl&uuml;\u011f&uuml;nde &ccedil;al\u0131\u015fmalar\u0131n\u0131 devam ettirdikten sonra Uluda\u011f &Uuml;niversitesine ge&ccedil;erek 1994 y\u0131l\u0131nda burada Sanat Tarihi B&ouml;l&uuml;m&uuml;n&uuml; kurmu\u015ftur. Prof. Dr. Zeren Tan\u0131nd\u0131, \u0130slam kitap sanatlar\u0131n\u0131n her sahas\u0131nda &ccedil;ok say\u0131da kitap, kitap b&ouml;l&uuml;m&uuml;, makale, bildiri yazm\u0131\u015f; &ccedil;e\u015fitli sergilerde ve projelerde g&ouml;rev alm\u0131\u015f; emeklili\u011finden sonra Sak\u0131p Sabanc\u0131 M&uuml;zesi ve Sadberk Han\u0131m M&uuml;zesi&rsquo;nde dan\u0131\u015fman olarak &ccedil;al\u0131\u015fmalar\u0131n\u0131 s&uuml;rd&uuml;rm&uuml;\u015ft&uuml;r.<\/p>\n<p style=\"font-weight: 400;\"><strong>Zeren Tan\u0131nd\u0131 Kitaplar\u0131<\/strong><\/p>\n<ul>\n<li>Zeren Tan\u0131nd\u0131 (Filiz &Ccedil;a\u011fman ve Ernst J. Grube ile), <em>Islamic Painting. The Topkap\u0131 Saray Collection <\/em>(Tokyo: Heibonsha Publication, 1978).<\/li>\n<li>Zeren Tan\u0131nd\u0131 (Filiz &Ccedil;a\u011fman ile), <em>Topkap\u0131 Saray\u0131 M&uuml;zesi. \u0130slam Minyat&uuml;rleri <\/em>(T&uuml;rk&ccedil;e ve \u0130ngilizce) (\u0130stanbul: Terc&uuml;man Yay\u0131nlar\u0131, 1979).<\/li>\n<li>Zeren Tan\u0131nd\u0131 (Filiz &Ccedil;a\u011fman ile), <em>Islamic Miniature in Topkap\u0131 Saray Museum <\/em>(Tokyo: 1980).<\/li>\n<li><em>Siyer-i Nebi. \u0130slam Tasvir Sanat\u0131nda Hz.Muhammed&rsquo;in Hayat\u0131 <\/em>(\u0130stanbul: H&uuml;rriyet Vakf\u0131, 1984).<\/li>\n<li>Zeren Tan\u0131nd\u0131 (Filiz &Ccedil;a\u011fman ile), <em>Topkap\u0131 Saray\u0131 M&uuml;zesi. Padi\u015fah Portreleri <\/em>(\u0130stanbul: Yap\u0131 ve Kredi Bankas\u0131, 1984).<\/li>\n<li>Zeren Tan\u0131nd\u0131 (Filiz &Ccedil;a\u011fman ile), <em>Topkap\u0131 Saray\u0131 Museum: The Albums and Illustrated Manuscripts<\/em>, ed. J. M. Rogers (Londra ve New York: Thames and Hudson, 1986).<\/li>\n<li>Zeren Tan\u0131nd\u0131 (Julian Raby ile), <em>Turkish Book Binding in the 15<\/em><em>th <\/em><em> The Foundation of an Ottoman Court Style<\/em>, ed. Tim Stanley (Londra: Azimuth Edition, 1993).<\/li>\n<li><em>T&uuml;rk Minyat&uuml;rleri <\/em>(Ankara: T&uuml;rkiye \u0130\u015f Bankas\u0131 K&uuml;lt&uuml;r Yay\u0131nlar\u0131, 1996).<\/li>\n<li>Zeren Tan\u0131nd\u0131 (Serpil Ba\u011fc\u0131, Filiz &Ccedil;a\u011fman ve G&uuml;nsel Renda ile), <em>Osmanl\u0131 Resim Sanat\u0131 <\/em>(\u0130stanbul: T.C. K&uuml;lt&uuml;r ve Turizm Bakanl\u0131\u011f\u0131 Yay\u0131nlar\u0131, 2006, 2012, 2019).<\/li>\n<li><em>Zeren Tan\u0131nd\u0131 (Serpil Ba\u011fc\u0131, Filiz &Ccedil;a\u011fman ve G&uuml;nsel Renda ile), Ottoman Painting, ed. Serpil Ba\u011fc\u0131 (\u0130stanbul: Ministry of Culture and Tourism Publications, 2010, 2019).<\/em><\/li>\n<li>Zeren Tan\u0131nd\u0131 (Ay\u015fe Aldemir Kilercik ile), <em>Sak\u0131p Sabanc\u0131 M&uuml;zesi Kitap Sanatlar\u0131 ve Hat Koleksiyonu <\/em>(\u0130stanbul: Sak\u0131p Sabanc\u0131 M&uuml;zesi Yay\u0131nlar\u0131, 2012).<\/li>\n<li><em>Yaz\u0131da Ahenk ve Renk. Sadberk Han\u0131m M&uuml;zesi Koleksiyonundan Sanatl\u0131 Kitaplar, Belgeler ve H&uuml;sn-i Hatlar<\/em>, 2 cilt (\u0130stanbul: Vehbi Ko&ccedil; Vakf\u0131 Sadberk Han\u0131m M&uuml;zesi, 2019).<\/li>\n<li><em>Harmony of Line and Color. Illuminated Manuscripts Documents and Calligraphy in the Sadberk Han\u0131m Museum, <\/em>2 volumes (\u0130stanbul: Vehbi Ko&ccedil; Foundation Sadberk Han\u0131m Museum, 2019).<\/li>\n<li>Yaz\u0131da Ahenk ve Renk. Sadberk Han\u0131m M&uuml;zesi Koleksiyonundan Sanatl\u0131 Kitaplar, Belgeler ve H&uuml;sn-i Hatlar Sergisi Katalo\u011fu (Nisan-Aral\u0131k 2019) (T&uuml;rk&ccedil;e ve \u0130ngilizce) (\u0130stanbul: Vehbi Ko&ccedil; Vakf\u0131 Sadberk Han\u0131m M&uuml;zesi, 2019).<\/li>\n<\/ul>\n","protected":false},"excerpt":{"rendered":"<p>Hayatlar\u0131n\u0131 geleneksel sanatlara adam\u0131\u015f, bu sanatlar\u0131n ya\u015fat\u0131lmas\u0131, geli\u015ftirilmesi ve tan\u0131t\u0131lmas\u0131na katk\u0131da bulunmu\u015f \u015fahsiyetlere takdim etti\u011fi G&uuml;m&uuml;\u015f Lale &Ouml;d&uuml;l&uuml;&rsquo;n&uuml;n sahibi, Sanat [&hellip;]<\/p>\n","protected":false},"featured_media":167619,"template":"","class_list":["post-169825","gumus_lale","type-gumus_lale","status-publish","has-post-thumbnail","hentry"],"acf":[],"_links":{"self":[{"href":"https:\/\/gelenekselsanatlar.org\/ar\/wp-json\/wp\/v2\/gumus-lale-odulleri\/169825","targetHints":{"allow":["GET"]}}],"collection":[{"href":"https:\/\/gelenekselsanatlar.org\/ar\/wp-json\/wp\/v2\/gumus-lale-odulleri"}],"about":[{"href":"https:\/\/gelenekselsanatlar.org\/ar\/wp-json\/wp\/v2\/types\/gumus_lale"}],"wp:featuredmedia":[{"embeddable":true,"href":"https:\/\/gelenekselsanatlar.org\/ar\/wp-json\/wp\/v2\/media\/167619"}],"wp:attachment":[{"href":"https:\/\/gelenekselsanatlar.org\/ar\/wp-json\/wp\/v2\/media?parent=169825"}],"curies":[{"name":"wp","href":"https:\/\/api.w.org\/{rel}","templated":true}]}}

جائزة توليب الفضية الثامنة البروفيسور الدكتور زيرين تاندي

<p style="font-weight: 400;"><strong>Hayatlarını geleneksel sanatlara adamış, bu sanatların yaşatılması, geliştirilmesi ve tanıtılmasına katkıda bulunmuş şahsiyetlere takdim ettiği G&uuml;m&uuml;ş Lale &Ouml;d&uuml;l&uuml;&rsquo;n&uuml;n sahibi,</strong></p>
<p style="font-weight: 400;"><strong>Sanat Tarih&ccedil;isi Prof. Dr. Zeren Tanındı oldu.</strong></p>
<p style="font-weight: 400;">&nbsp;</p>
<p style="font-weight: 400;">Geleneksel sanatlar alanında verilen ilk &ouml;d&uuml;l olan <strong>G&uuml;m&uuml;ş Lale</strong>, hayatlarını geleneksel sanatlara vakfetmiş alanın duayenlerine GSD tarafından 2006 yılından bu yana verilmektedir. Daha &ouml;nce Hikmet Barut&ccedil;ugil, Hasan &Ccedil;elebi, Cahide Keskiner, Nurhan Atasoy, İslam Se&ccedil;en, &Uuml;lker Erke ve Filiz &Ccedil;ağman&rsquo;a takdim edilen G&uuml;m&uuml;ş Lale &Ouml;d&uuml;l&uuml;&rsquo;n&uuml;n sekizincisi, bu yıl Prof. Dr. Zeren Tanındı&rsquo;ya sunuldu.</p>
<p style="font-weight: 400;">&nbsp;</p>
<p style="font-weight: 400;"><em>Zeren Tanındı Armağanı: İslam D&uuml;nyasında Kitap Sanatları ve K&uuml;lt&uuml;r&uuml;</em> kitabının tanıtım toplantısı ve 8. G&uuml;m&uuml;ş Lale &Ouml;d&uuml;l T&ouml;reni, 29 Ekim 2022 Cumartesi g&uuml;n&uuml; saat 14.30&rsquo;da Sepet&ccedil;iler Kasrı&rsquo;nda ger&ccedil;ekleştirildi.</p>
<p style="font-weight: 400;">&nbsp;</p>
<p style="font-weight: 400;"><strong>&nbsp;</strong></p>
<p style="font-weight: 400;"><strong>Prof. Dr. Zeren Tanındı Kimdir?</strong> İstanbul &Uuml;niversitesi Sanat Tarihi B&ouml;l&uuml;m&uuml;nden lisans ve doktora derecelerini alan Prof. Dr. Tanındı, 1984 yılına kadar Topkapı Sarayı M&uuml;zesi K&uuml;t&uuml;phanesinde g&ouml;rev yapmış; Bursa K&uuml;lt&uuml;r M&uuml;d&uuml;rl&uuml;ğ&uuml;nde &ccedil;alışmalarını devam ettirdikten sonra Uludağ &Uuml;niversitesine ge&ccedil;erek 1994 yılında burada Sanat Tarihi B&ouml;l&uuml;m&uuml;n&uuml; kurmuştur. Prof. Dr. Zeren Tanındı, İslam kitap sanatlarının her sahasında &ccedil;ok sayıda kitap, kitap b&ouml;l&uuml;m&uuml;, makale, bildiri yazmış; &ccedil;eşitli sergilerde ve projelerde g&ouml;rev almış; emekliliğinden sonra Sakıp Sabancı M&uuml;zesi ve Sadberk Hanım M&uuml;zesi&rsquo;nde danışman olarak &ccedil;alışmalarını s&uuml;rd&uuml;rm&uuml;şt&uuml;r.</p>
<p style="font-weight: 400;"><strong>Zeren Tanındı Kitapları</strong></p>
<ul>
<li>Zeren Tanındı (Filiz &Ccedil;ağman ve Ernst J. Grube ile), <em>Islamic Painting. The Topkapı Saray Collection </em>(Tokyo: Heibonsha Publication, 1978).</li>
<li>Zeren Tanındı (Filiz &Ccedil;ağman ile), <em>Topkapı Sarayı M&uuml;zesi. İslam Minyat&uuml;rleri </em>(T&uuml;rk&ccedil;e ve İngilizce) (İstanbul: Terc&uuml;man Yayınları, 1979).</li>
<li>Zeren Tanındı (Filiz &Ccedil;ağman ile), <em>Islamic Miniature in Topkapı Saray Museum </em>(Tokyo: 1980).</li>
<li><em>Siyer-i Nebi. İslam Tasvir Sanatında Hz.Muhammed&rsquo;in Hayatı </em>(İstanbul: H&uuml;rriyet Vakfı, 1984).</li>
<li>Zeren Tanındı (Filiz &Ccedil;ağman ile), <em>Topkapı Sarayı M&uuml;zesi. Padişah Portreleri </em>(İstanbul: Yapı ve Kredi Bankası, 1984).</li>
<li>Zeren Tanındı (Filiz &Ccedil;ağman ile), <em>Topkapı Sarayı Museum: The Albums and Illustrated Manuscripts</em>, ed. J. M. Rogers (Londra ve New York: Thames and Hudson, 1986).</li>
<li>Zeren Tanındı (Julian Raby ile), <em>Turkish Book Binding in the 15</em><em>th </em><em> The Foundation of an Ottoman Court Style</em>, ed. Tim Stanley (Londra: Azimuth Edition, 1993).</li>
<li><em>T&uuml;rk Minyat&uuml;rleri </em>(Ankara: T&uuml;rkiye İş Bankası K&uuml;lt&uuml;r Yayınları, 1996).</li>
<li>Zeren Tanındı (Serpil Bağcı, Filiz &Ccedil;ağman ve G&uuml;nsel Renda ile), <em>Osmanlı Resim Sanatı </em>(İstanbul: T.C. K&uuml;lt&uuml;r ve Turizm Bakanlığı Yayınları, 2006, 2012, 2019).</li>
<li><em>Zeren Tanındı (Serpil Bağcı, Filiz &Ccedil;ağman ve G&uuml;nsel Renda ile), Ottoman Painting, ed. Serpil Bağcı (İstanbul: Ministry of Culture and Tourism Publications, 2010, 2019).</em></li>
<li>Zeren Tanındı (Ayşe Aldemir Kilercik ile), <em>Sakıp Sabancı M&uuml;zesi Kitap Sanatları ve Hat Koleksiyonu </em>(İstanbul: Sakıp Sabancı M&uuml;zesi Yayınları, 2012).</li>
<li><em>Yazıda Ahenk ve Renk. Sadberk Hanım M&uuml;zesi Koleksiyonundan Sanatlı Kitaplar, Belgeler ve H&uuml;sn-i Hatlar</em>, 2 cilt (İstanbul: Vehbi Ko&ccedil; Vakfı Sadberk Hanım M&uuml;zesi, 2019).</li>
<li><em>Harmony of Line and Color. Illuminated Manuscripts Documents and Calligraphy in the Sadberk Hanım Museum, </em>2 volumes (İstanbul: Vehbi Ko&ccedil; Foundation Sadberk Hanım Museum, 2019).</li>
<li>Yazıda Ahenk ve Renk. Sadberk Hanım M&uuml;zesi Koleksiyonundan Sanatlı Kitaplar, Belgeler ve H&uuml;sn-i Hatlar Sergisi Kataloğu (Nisan-Aralık 2019) (T&uuml;rk&ccedil;e ve İngilizce) (İstanbul: Vehbi Ko&ccedil; Vakfı Sadberk Hanım M&uuml;zesi, 2019).</li>
</ul>

<p>Hayatlarını geleneksel sanatlara adamış, bu sanatların yaşatılması, geliştirilmesi ve tanıtılmasına katkıda bulunmuş şahsiyetlere takdim ettiği G&uuml;m&uuml;ş Lale &Ouml;d&uuml;l&uuml;&rsquo;n&uuml;n sahibi, Sanat [&hellip;]</p>
